{"id":29964,"date":"2026-04-07T21:23:56","date_gmt":"2026-04-07T20:23:56","guid":{"rendered":"https:\/\/greekbloom.com\/?post_type=product&#038;p=29964"},"modified":"2026-04-07T21:33:43","modified_gmt":"2026-04-07T20:33:43","slug":"ef-zin-fikensyltetoy-230g","status":"publish","type":"product","link":"https:\/\/greekbloom.com\/index.php\/product\/ef-zin-fikensyltetoy-230g\/","title":{"rendered":"Ef Zin fikensyltet\u00f8y \u2013 230g"},"content":{"rendered":"<p><img loading=\"lazy\" decoding=\"async\" class=\"alignnone size-medium wp-image-29913\" src=\"https:\/\/greekbloom.com\/wp-content\/uploads\/2026\/04\/Photoroom_20260407_125610-225x300.jpeg\" alt=\"\" width=\"225\" height=\"300\" srcset=\"https:\/\/greekbloom.com\/wp-content\/uploads\/2026\/04\/Photoroom_20260407_125610-225x300.jpeg 225w, https:\/\/greekbloom.com\/wp-content\/uploads\/2026\/04\/Photoroom_20260407_125610-600x800.jpeg 600w, https:\/\/greekbloom.com\/wp-content\/uploads\/2026\/04\/Photoroom_20260407_125610-768x1024.jpeg 768w, https:\/\/greekbloom.com\/wp-content\/uploads\/2026\/04\/Photoroom_20260407_125610-1152x1536.jpeg 1152w, https:\/\/greekbloom.com\/wp-content\/uploads\/2026\/04\/Photoroom_20260407_125610-150x200.jpeg 150w, https:\/\/greekbloom.com\/wp-content\/uploads\/2026\/04\/Photoroom_20260407_125610.jpeg 1512w\" sizes=\"auto, (max-width: 225px) 100vw, 225px\" \/><\/p>\n","protected":false},"excerpt":{"rendered":"<p data-start=\"99\" data-end=\"325\">Oppdag en naturlig og smakfull s\u00f8dme med <strong data-start=\"140\" data-end=\"164\">Ef Zin fikensyltet\u00f8y<\/strong>, laget av n\u00f8ye utvalgte fiken for en ekte og fyldig smak. Dette fruktp\u00e5legget kombinerer tradisjonelle oppskrifter med h\u00f8y kvalitet for en autentisk opplevelse.<\/p>\n<p data-start=\"327\" data-end=\"579\">Fiken gir en naturlig s\u00f8dme og en rik, aromatisk smak som passer perfekt p\u00e5 br\u00f8d, toast og bakverk, eller som topping p\u00e5 yoghurt og desserter. Det er ogs\u00e5 spesielt godt sammen med <strong data-start=\"507\" data-end=\"514\">ost<\/strong>, hvor den s\u00f8te smaken balanserer salte og kremete oster perfekt.<\/p>\n<p data-start=\"581\" data-end=\"657\">Ideelt b\u00e5de til frokost, tapas og som en liten s\u00f8t nytelse i l\u00f8pet av dagen.<\/p>\n<p data-start=\"659\" data-end=\"678\"><strong data-start=\"659\" data-end=\"678\">N\u00f8kkelfordeler:<\/strong><\/p>\n<ul data-start=\"679\" data-end=\"875\">\n<li data-section-id=\"fp69z8\" data-start=\"679\" data-end=\"706\">Laget av kvalitetsfiken<\/li>\n<li data-section-id=\"1cn8mnh\" data-start=\"707\" data-end=\"751\">Naturlig s\u00f8dme og fyldig, aromatisk smak<\/li>\n<li data-section-id=\"nj6ffo\" data-start=\"752\" data-end=\"795\">Perfekt til frokost, bakst og desserter<\/li>\n<li data-section-id=\"1y5avwr\" data-start=\"796\" data-end=\"832\">Utmerket sammen med ost og tapas<\/li>\n<li data-section-id=\"1e06qhk\" data-start=\"833\" data-end=\"875\">Inspirert av tradisjonelle oppskrifter<\/li>\n<\/ul>\n<p data-start=\"877\" data-end=\"938\">Nyt en autentisk smak av Hellas med <strong data-start=\"913\" data-end=\"937\">Ef Zin fikensyltet\u00f8y<\/strong>.<\/p>\n","protected":false},"featured_media":29913,"comment_status":"open","ping_status":"closed","template":"","meta":[],"product_brand":[],"product_cat":[97],"product_tag":[],"class_list":{"0":"post-29964","1":"product","2":"type-product","3":"status-publish","4":"has-post-thumbnail","6":"product_cat-syltetoy-og-marmelade","8":"first","9":"instock","10":"shipping-taxable","11":"purchasable","12":"product-type-simple"},"aioseo_notices":[],"_links":{"self":[{"href":"https:\/\/greekbloom.com\/index.php\/wp-json\/wp\/v2\/product\/29964","targetHints":{"allow":["GET"]}}],"collection":[{"href":"https:\/\/greekbloom.com\/index.php\/wp-json\/wp\/v2\/product"}],"about":[{"href":"https:\/\/greekbloom.com\/index.php\/wp-json\/wp\/v2\/types\/product"}],"replies":[{"embeddable":true,"href":"https:\/\/greekbloom.com\/index.php\/wp-json\/wp\/v2\/comments?post=29964"}],"version-history":[{"count":1,"href":"https:\/\/greekbloom.com\/index.php\/wp-json\/wp\/v2\/product\/29964\/revisions"}],"predecessor-version":[{"id":29965,"href":"https:\/\/greekbloom.com\/index.php\/wp-json\/wp\/v2\/product\/29964\/revisions\/29965"}],"wp:featuredmedia":[{"embeddable":true,"href":"https:\/\/greekbloom.com\/index.php\/wp-json\/wp\/v2\/media\/29913"}],"wp:attachment":[{"href":"https:\/\/greekbloom.com\/index.php\/wp-json\/wp\/v2\/media?parent=29964"}],"wp:term":[{"taxonomy":"product_brand","embeddable":true,"href":"https:\/\/greekbloom.com\/index.php\/wp-json\/wp\/v2\/product_brand?post=29964"},{"taxonomy":"product_cat","embeddable":true,"href":"https:\/\/greekbloom.com\/index.php\/wp-json\/wp\/v2\/product_cat?post=29964"},{"taxonomy":"product_tag","embeddable":true,"href":"https:\/\/greekbloom.com\/index.php\/wp-json\/wp\/v2\/product_tag?post=29964"}],"curies":[{"name":"wp","href":"https:\/\/api.w.org\/{rel}","templated":true}]}}