{"id":29956,"date":"2026-04-07T21:04:50","date_gmt":"2026-04-07T20:04:50","guid":{"rendered":"https:\/\/greekbloom.com\/?post_type=product&#038;p=29956"},"modified":"2026-04-07T21:04:50","modified_gmt":"2026-04-07T20:04:50","slug":"chrysi-zymi-vegansk-gronnsakspai-med-spinat-erter-og-purre-850g","status":"publish","type":"product","link":"https:\/\/greekbloom.com\/index.php\/product\/chrysi-zymi-vegansk-gronnsakspai-med-spinat-erter-og-purre-850g\/","title":{"rendered":"Chrysi Zymi vegansk gr\u00f8nnsakspai med spinat, erter og purre \u2013 850g"},"content":{"rendered":"<p><img loading=\"lazy\" decoding=\"async\" class=\"alignnone size-medium wp-image-29908\" src=\"https:\/\/greekbloom.com\/wp-content\/uploads\/2026\/04\/Photoroom_20260407_124732-225x300.jpeg\" alt=\"\" width=\"225\" height=\"300\" srcset=\"https:\/\/greekbloom.com\/wp-content\/uploads\/2026\/04\/Photoroom_20260407_124732-225x300.jpeg 225w, https:\/\/greekbloom.com\/wp-content\/uploads\/2026\/04\/Photoroom_20260407_124732-600x800.jpeg 600w, https:\/\/greekbloom.com\/wp-content\/uploads\/2026\/04\/Photoroom_20260407_124732-768x1024.jpeg 768w, https:\/\/greekbloom.com\/wp-content\/uploads\/2026\/04\/Photoroom_20260407_124732-1152x1536.jpeg 1152w, https:\/\/greekbloom.com\/wp-content\/uploads\/2026\/04\/Photoroom_20260407_124732-150x200.jpeg 150w, https:\/\/greekbloom.com\/wp-content\/uploads\/2026\/04\/Photoroom_20260407_124732.jpeg 1512w\" sizes=\"auto, (max-width: 225px) 100vw, 225px\" \/><\/p>\n","protected":false},"excerpt":{"rendered":"<p data-start=\"147\" data-end=\"386\">Opplev en smakfull og plantebasert klassiker med <strong data-start=\"196\" data-end=\"232\">Chrysi Zymi vegansk gr\u00f8nnsakspai<\/strong>, laget med spr\u00f8 butterdeig og et fyldig fyll av spinat, erter og purre. Inspirert av tradisjonelle greske oppskrifter \u2013 n\u00e5 i en moderne, vegansk variant.<\/p>\n<p data-start=\"388\" data-end=\"592\">Den gylne, flakete deigen kombinert med et saftig og smakfullt gr\u00f8nnsaksfyll gir en perfekt balanse mellom tekstur og smak. Ideell som et lett m\u00e5ltid til lunsj eller middag, og like god b\u00e5de varm og kald.<\/p>\n<p data-start=\"594\" data-end=\"704\">Enkel \u00e5 tilberede og perfekt for deg som \u00f8nsker et plantebasert alternativ uten \u00e5 g\u00e5 p\u00e5 kompromiss med smaken.<\/p>\n<p data-start=\"706\" data-end=\"725\"><strong data-start=\"706\" data-end=\"725\">N\u00f8kkelfordeler:<\/strong><\/p>\n<ul data-start=\"726\" data-end=\"972\">\n<li data-section-id=\"tdrlzy\" data-start=\"726\" data-end=\"768\">Vegansk pai med spinat, erter og purre<\/li>\n<li data-section-id=\"9wdnuc\" data-start=\"769\" data-end=\"813\">Spr\u00f8 butterdeig med saftig gr\u00f8nnsaksfyll<\/li>\n<li data-section-id=\"1k86m45\" data-start=\"814\" data-end=\"863\">Inspirert av tradisjonelle greske oppskrifter<\/li>\n<li data-section-id=\"1t6gcph\" data-start=\"864\" data-end=\"909\">Perfekt til lunsj, middag eller servering<\/li>\n<li data-section-id=\"hn93ah\" data-start=\"910\" data-end=\"940\">Enkel og rask tilberedning<\/li>\n<li data-section-id=\"1hhjbkt\" data-start=\"941\" data-end=\"972\">Kan nytes b\u00e5de varm og kald<\/li>\n<\/ul>\n<p data-start=\"974\" data-end=\"1059\">Nyt en gr\u00f8nn og smakfull middelhavsfavoritt med <strong data-start=\"1022\" data-end=\"1058\">Chrysi Zymi vegansk gr\u00f8nnsakspai<\/strong>.<\/p>\n","protected":false},"featured_media":29908,"comment_status":"open","ping_status":"closed","template":"","meta":[],"product_brand":[],"product_cat":[90],"product_tag":[],"class_list":{"0":"post-29956","1":"product","2":"type-product","3":"status-publish","4":"has-post-thumbnail","6":"product_cat-autentiske-greske-pitaer-frosne","8":"first","9":"instock","10":"shipping-taxable","11":"purchasable","12":"product-type-simple"},"aioseo_notices":[],"_links":{"self":[{"href":"https:\/\/greekbloom.com\/index.php\/wp-json\/wp\/v2\/product\/29956","targetHints":{"allow":["GET"]}}],"collection":[{"href":"https:\/\/greekbloom.com\/index.php\/wp-json\/wp\/v2\/product"}],"about":[{"href":"https:\/\/greekbloom.com\/index.php\/wp-json\/wp\/v2\/types\/product"}],"replies":[{"embeddable":true,"href":"https:\/\/greekbloom.com\/index.php\/wp-json\/wp\/v2\/comments?post=29956"}],"version-history":[{"count":1,"href":"https:\/\/greekbloom.com\/index.php\/wp-json\/wp\/v2\/product\/29956\/revisions"}],"predecessor-version":[{"id":29957,"href":"https:\/\/greekbloom.com\/index.php\/wp-json\/wp\/v2\/product\/29956\/revisions\/29957"}],"wp:featuredmedia":[{"embeddable":true,"href":"https:\/\/greekbloom.com\/index.php\/wp-json\/wp\/v2\/media\/29908"}],"wp:attachment":[{"href":"https:\/\/greekbloom.com\/index.php\/wp-json\/wp\/v2\/media?parent=29956"}],"wp:term":[{"taxonomy":"product_brand","embeddable":true,"href":"https:\/\/greekbloom.com\/index.php\/wp-json\/wp\/v2\/product_brand?post=29956"},{"taxonomy":"product_cat","embeddable":true,"href":"https:\/\/greekbloom.com\/index.php\/wp-json\/wp\/v2\/product_cat?post=29956"},{"taxonomy":"product_tag","embeddable":true,"href":"https:\/\/greekbloom.com\/index.php\/wp-json\/wp\/v2\/product_tag?post=29956"}],"curies":[{"name":"wp","href":"https:\/\/api.w.org\/{rel}","templated":true}]}}