{"id":29889,"date":"2026-04-07T11:03:52","date_gmt":"2026-04-07T10:03:52","guid":{"rendered":"https:\/\/greekbloom.com\/?post_type=product&#038;p=29889"},"modified":"2026-04-07T11:03:52","modified_gmt":"2026-04-07T10:03:52","slug":"greka-hakkede-tomater","status":"publish","type":"product","link":"https:\/\/greekbloom.com\/index.php\/product\/greka-hakkede-tomater\/","title":{"rendered":"Greka hakkede tomater"},"content":{"rendered":"<p><img loading=\"lazy\" decoding=\"async\" class=\"alignnone size-medium wp-image-29852\" src=\"https:\/\/greekbloom.com\/wp-content\/uploads\/2026\/03\/Photoroom_20260324_183308-225x300.jpeg\" alt=\"\" width=\"225\" height=\"300\" srcset=\"https:\/\/greekbloom.com\/wp-content\/uploads\/2026\/03\/Photoroom_20260324_183308-225x300.jpeg 225w, https:\/\/greekbloom.com\/wp-content\/uploads\/2026\/03\/Photoroom_20260324_183308-150x200.jpeg 150w, https:\/\/greekbloom.com\/wp-content\/uploads\/2026\/03\/Photoroom_20260324_183308-600x800.jpeg 600w, https:\/\/greekbloom.com\/wp-content\/uploads\/2026\/03\/Photoroom_20260324_183308-768x1024.jpeg 768w, https:\/\/greekbloom.com\/wp-content\/uploads\/2026\/03\/Photoroom_20260324_183308-1152x1536.jpeg 1152w, https:\/\/greekbloom.com\/wp-content\/uploads\/2026\/03\/Photoroom_20260324_183308.jpeg 1512w\" sizes=\"auto, (max-width: 225px) 100vw, 225px\" \/><\/p>\n","protected":false},"excerpt":{"rendered":"<p data-start=\"63\" data-end=\"259\">Gi rettene dine en autentisk smak av Middelhavet med <strong data-start=\"116\" data-end=\"141\">Greka hakkede tomater<\/strong>, laget av n\u00f8ye utvalgte, solmodne tomater fra Hellas. Hermetisert p\u00e5 sitt beste for \u00e5 bevare ferskhet, smak og farge.<\/p>\n<p data-start=\"261\" data-end=\"459\">Perfekt til daglig matlaging \u2013 ideell for pastasauser, gryter, supper, pizza og klassiske middelhavsretter. Den naturlige s\u00f8dmen og lette syrligheten gir en fyldig og balansert smak til enhver rett.<\/p>\n<p data-start=\"461\" data-end=\"589\">Tomater er en naturlig <strong data-start=\"484\" data-end=\"497\">superfood<\/strong>, rik p\u00e5 vitaminer, antioksidanter og lykopen, som bidrar til et sunt og balansert kosthold.<\/p>\n<p data-start=\"591\" data-end=\"610\"><strong data-start=\"591\" data-end=\"610\">N\u00f8kkelfordeler:<\/strong><\/p>\n<ul data-start=\"611\" data-end=\"832\">\n<li data-section-id=\"j8c4pz\" data-start=\"611\" data-end=\"651\">Laget av solmodne tomater fra Hellas<\/li>\n<li data-section-id=\"16khqx0\" data-start=\"652\" data-end=\"692\">Rik og naturlig smak med flott farge<\/li>\n<li data-section-id=\"ovnqge\" data-start=\"693\" data-end=\"741\">Naturlig kilde til antioksidanter og lykopen<\/li>\n<li data-section-id=\"17ex97q\" data-start=\"742\" data-end=\"781\">Uten un\u00f8dvendige tilsetningsstoffer<\/li>\n<li data-section-id=\"9s5kbh\" data-start=\"782\" data-end=\"832\">Perfekt til sauser, pasta, supper og matlaging<\/li>\n<\/ul>\n<p data-start=\"834\" data-end=\"896\">Gi maten din et ekte gresk preg med <strong data-start=\"870\" data-end=\"895\">Greka hakkede tomater<\/strong>.<\/p>\n","protected":false},"featured_media":29852,"comment_status":"open","ping_status":"closed","template":"","meta":[],"product_brand":[],"product_cat":[76],"product_tag":[],"class_list":{"0":"post-29889","1":"product","2":"type-product","3":"status-publish","4":"has-post-thumbnail","6":"product_cat-sauser","8":"first","9":"instock","10":"shipping-taxable","11":"purchasable","12":"product-type-simple"},"aioseo_notices":[],"_links":{"self":[{"href":"https:\/\/greekbloom.com\/index.php\/wp-json\/wp\/v2\/product\/29889","targetHints":{"allow":["GET"]}}],"collection":[{"href":"https:\/\/greekbloom.com\/index.php\/wp-json\/wp\/v2\/product"}],"about":[{"href":"https:\/\/greekbloom.com\/index.php\/wp-json\/wp\/v2\/types\/product"}],"replies":[{"embeddable":true,"href":"https:\/\/greekbloom.com\/index.php\/wp-json\/wp\/v2\/comments?post=29889"}],"version-history":[{"count":1,"href":"https:\/\/greekbloom.com\/index.php\/wp-json\/wp\/v2\/product\/29889\/revisions"}],"predecessor-version":[{"id":29890,"href":"https:\/\/greekbloom.com\/index.php\/wp-json\/wp\/v2\/product\/29889\/revisions\/29890"}],"wp:featuredmedia":[{"embeddable":true,"href":"https:\/\/greekbloom.com\/index.php\/wp-json\/wp\/v2\/media\/29852"}],"wp:attachment":[{"href":"https:\/\/greekbloom.com\/index.php\/wp-json\/wp\/v2\/media?parent=29889"}],"wp:term":[{"taxonomy":"product_brand","embeddable":true,"href":"https:\/\/greekbloom.com\/index.php\/wp-json\/wp\/v2\/product_brand?post=29889"},{"taxonomy":"product_cat","embeddable":true,"href":"https:\/\/greekbloom.com\/index.php\/wp-json\/wp\/v2\/product_cat?post=29889"},{"taxonomy":"product_tag","embeddable":true,"href":"https:\/\/greekbloom.com\/index.php\/wp-json\/wp\/v2\/product_tag?post=29889"}],"curies":[{"name":"wp","href":"https:\/\/api.w.org\/{rel}","templated":true}]}}