{"id":29539,"date":"2026-03-05T13:21:29","date_gmt":"2026-03-05T13:21:29","guid":{"rendered":"https:\/\/greekbloom.mano-serveris.eu\/?post_type=product&#038;p=29539"},"modified":"2026-03-05T13:24:54","modified_gmt":"2026-03-05T13:24:54","slug":"dakos-spro-byggrusks-med-graviera-og-sot-paprika","status":"publish","type":"product","link":"https:\/\/greekbloom.com\/index.php\/product\/dakos-spro-byggrusks-med-graviera-og-sot-paprika\/","title":{"rendered":"Dakos \u2013 Spr\u00f8 Byggrusks med Graviera og S\u00f8t Paprika"},"content":{"rendered":"<p><img loading=\"lazy\" decoding=\"async\" class=\"alignnone size-medium wp-image-29522\" src=\"https:\/\/greekbloom.mano-serveris.eu\/wp-content\/uploads\/2026\/03\/Photoroom_20260221_141302-225x300.jpeg\" alt=\"\" width=\"225\" height=\"300\" srcset=\"https:\/\/greekbloom.com\/wp-content\/uploads\/2026\/03\/Photoroom_20260221_141302-225x300.jpeg 225w, https:\/\/greekbloom.com\/wp-content\/uploads\/2026\/03\/Photoroom_20260221_141302-150x200.jpeg 150w, https:\/\/greekbloom.com\/wp-content\/uploads\/2026\/03\/Photoroom_20260221_141302-600x800.jpeg 600w, https:\/\/greekbloom.com\/wp-content\/uploads\/2026\/03\/Photoroom_20260221_141302-768x1024.jpeg 768w, https:\/\/greekbloom.com\/wp-content\/uploads\/2026\/03\/Photoroom_20260221_141302-1152x1536.jpeg 1152w, https:\/\/greekbloom.com\/wp-content\/uploads\/2026\/03\/Photoroom_20260221_141302.jpeg 1512w\" sizes=\"auto, (max-width: 225px) 100vw, 225px\" \/><\/p>\n","protected":false},"excerpt":{"rendered":"<div class=\"flex flex-col text-sm pb-25\">\n<article class=\"text-token-text-primary w-full focus:outline-none [--shadow-height:45px] has-data-writing-block:pointer-events-none has-data-writing-block:-mt-(--shadow-height) has-data-writing-block:pt-(--shadow-height) [&amp;:has([data-writing-block])&gt;*]:pointer-events-auto scroll-mt-[calc(var(--header-height)+min(200px,max(70px,20svh)))]\" dir=\"auto\" tabindex=\"-1\" data-turn-id=\"request-WEB:b5811433-8e97-4ab3-8d4d-2fed8835e245-11\" data-testid=\"conversation-turn-24\" data-scroll-anchor=\"true\" data-turn=\"assistant\">\n<div class=\"text-base my-auto mx-auto pb-10 [--thread-content-margin:--spacing(4)] @w-sm\/main:[--thread-content-margin:--spacing(6)] @w-lg\/main:[--thread-content-margin:--spacing(16)] px-(--thread-content-margin)\">\n<div class=\"[--thread-content-max-width:40rem] @w-lg\/main:[--thread-content-max-width:48rem] mx-auto max-w-(--thread-content-max-width) flex-1 group\/turn-messages focus-visible:outline-hidden relative flex w-full min-w-0 flex-col agent-turn\" tabindex=\"-1\">\n<div class=\"flex max-w-full flex-col grow\">\n<div class=\"min-h-8 text-message relative flex w-full flex-col items-end gap-2 text-start break-words whitespace-normal [.text-message+&amp;]:mt-1\" dir=\"auto\" data-message-author-role=\"assistant\" data-message-id=\"f092d185-7c10-4438-8887-edf943a46ff6\" data-message-model-slug=\"gpt-5-3\">\n<div class=\"flex w-full flex-col gap-1 empty:hidden first:pt-[1px]\">\n<div class=\"markdown prose dark:prose-invert w-full wrap-break-word light markdown-new-styling\">\n<p data-start=\"56\" data-end=\"292\">Opplev smaken av Hellas med <strong data-start=\"84\" data-end=\"131\">Dakos byggrusks med graviera og s\u00f8t paprika<\/strong>. Disse spr\u00f8, sm\u00e5 br\u00f8dbitene er inspirert av den tradisjonelle greske <em data-start=\"201\" data-end=\"208\">dakos<\/em>-retten og er laget av bakt byggbr\u00f8d med olivenolje for en autentisk middelhavssmak.<\/p>\n<p data-start=\"294\" data-end=\"478\">Den fyldige smaken av <strong data-start=\"316\" data-end=\"328\">graviera<\/strong>, en klassisk gresk ost, kombineres med mild og aromatisk <strong data-start=\"386\" data-end=\"401\">s\u00f8t paprika<\/strong>, noe som gir en balansert og smakfull snacks med b\u00e5de rikhet og krydderpreg.<\/p>\n<h3 data-start=\"480\" data-end=\"499\">Smaksopplevelse<\/h3>\n<ul data-start=\"500\" data-end=\"630\">\n<li data-start=\"500\" data-end=\"524\">\n<p data-start=\"502\" data-end=\"524\">Spr\u00f8 og lett tekstur<\/p>\n<\/li>\n<li data-start=\"525\" data-end=\"555\">\n<p data-start=\"527\" data-end=\"555\">Fyldig smak av gravieraost<\/p>\n<\/li>\n<li data-start=\"556\" data-end=\"589\">\n<p data-start=\"558\" data-end=\"589\">Mild og aromatisk s\u00f8t paprika<\/p>\n<\/li>\n<li data-start=\"590\" data-end=\"630\">\n<p data-start=\"592\" data-end=\"630\">Lett middelhavskarakter fra olivenolje<\/p>\n<\/li>\n<\/ul>\n<h3 data-start=\"632\" data-end=\"647\">Perfekt til<\/h3>\n<ul data-start=\"648\" data-end=\"761\">\n<li data-start=\"648\" data-end=\"668\">\n<p data-start=\"650\" data-end=\"668\">Som snacks alene<\/p>\n<\/li>\n<li data-start=\"669\" data-end=\"698\">\n<p data-start=\"671\" data-end=\"698\">P\u00e5 tapas- eller meze-bord<\/p>\n<\/li>\n<li data-start=\"699\" data-end=\"730\">\n<p data-start=\"701\" data-end=\"730\">Sammen med dipper og p\u00e5legg<\/p>\n<\/li>\n<li data-start=\"731\" data-end=\"761\">\n<p data-start=\"733\" data-end=\"761\">Som spr\u00f8 topping til salater<\/p>\n<\/li>\n<\/ul>\n<h3 data-start=\"763\" data-end=\"785\">Produktinformasjon<\/h3>\n<ul data-start=\"786\" data-end=\"915\">\n<li data-start=\"786\" data-end=\"829\">\n<p data-start=\"788\" data-end=\"829\"><strong data-start=\"788\" data-end=\"797\">Type:<\/strong> Spr\u00f8 byggrusks \/ gresk snacks<\/p>\n<\/li>\n<li data-start=\"830\" data-end=\"867\">\n<p data-start=\"832\" data-end=\"867\"><strong data-start=\"832\" data-end=\"841\">Smak:<\/strong> Graviera og s\u00f8t paprika<\/p>\n<\/li>\n<li data-start=\"868\" data-end=\"895\">\n<p data-start=\"870\" data-end=\"895\"><strong data-start=\"870\" data-end=\"886\">Opprinnelse:<\/strong> Hellas<\/p>\n<\/li>\n<li data-start=\"896\" data-end=\"915\">\n<p data-start=\"898\" data-end=\"915\"><strong data-start=\"898\" data-end=\"907\">Vekt:<\/strong> 110 g<\/p>\n<\/li>\n<\/ul>\n<p data-start=\"917\" data-end=\"1068\" data-is-last-node=\"\" data-is-only-node=\"\">Disse <strong data-start=\"923\" data-end=\"942\">Dakos-snacksene<\/strong> gir en autentisk smak av gresk matkultur og passer perfekt n\u00e5r du \u00f8nsker en spr\u00f8 og smakfull middelhavsinspirert snack. \ud83c\udf36\ufe0f\ud83e\uddc0<\/p>\n<\/div>\n<\/div>\n<\/div>\n<\/div>\n<div class=\"z-0 flex min-h-[46px] justify-start\"><\/div>\n<div class=\"mt-3 w-full empty:hidden\">\n<div class=\"text-center\"><\/div>\n<\/div>\n<\/div>\n<\/div>\n<\/article>\n<\/div>\n<div class=\"pointer-events-none h-px w-px absolute bottom-0\" aria-hidden=\"true\" data-edge=\"true\"><\/div>\n","protected":false},"featured_media":29522,"comment_status":"open","ping_status":"closed","template":"","meta":[],"product_brand":[],"product_cat":[79],"product_tag":[],"class_list":{"0":"post-29539","1":"product","2":"type-product","3":"status-publish","4":"has-post-thumbnail","6":"product_cat-kjeks-eller-snacks","8":"first","9":"instock","10":"shipping-taxable","11":"purchasable","12":"product-type-simple"},"aioseo_notices":[],"_links":{"self":[{"href":"https:\/\/greekbloom.com\/index.php\/wp-json\/wp\/v2\/product\/29539","targetHints":{"allow":["GET"]}}],"collection":[{"href":"https:\/\/greekbloom.com\/index.php\/wp-json\/wp\/v2\/product"}],"about":[{"href":"https:\/\/greekbloom.com\/index.php\/wp-json\/wp\/v2\/types\/product"}],"replies":[{"embeddable":true,"href":"https:\/\/greekbloom.com\/index.php\/wp-json\/wp\/v2\/comments?post=29539"}],"version-history":[{"count":2,"href":"https:\/\/greekbloom.com\/index.php\/wp-json\/wp\/v2\/product\/29539\/revisions"}],"predecessor-version":[{"id":29543,"href":"https:\/\/greekbloom.com\/index.php\/wp-json\/wp\/v2\/product\/29539\/revisions\/29543"}],"wp:featuredmedia":[{"embeddable":true,"href":"https:\/\/greekbloom.com\/index.php\/wp-json\/wp\/v2\/media\/29522"}],"wp:attachment":[{"href":"https:\/\/greekbloom.com\/index.php\/wp-json\/wp\/v2\/media?parent=29539"}],"wp:term":[{"taxonomy":"product_brand","embeddable":true,"href":"https:\/\/greekbloom.com\/index.php\/wp-json\/wp\/v2\/product_brand?post=29539"},{"taxonomy":"product_cat","embeddable":true,"href":"https:\/\/greekbloom.com\/index.php\/wp-json\/wp\/v2\/product_cat?post=29539"},{"taxonomy":"product_tag","embeddable":true,"href":"https:\/\/greekbloom.com\/index.php\/wp-json\/wp\/v2\/product_tag?post=29539"}],"curies":[{"name":"wp","href":"https:\/\/api.w.org\/{rel}","templated":true}]}}