{"id":29525,"date":"2026-03-05T12:46:51","date_gmt":"2026-03-05T12:46:51","guid":{"rendered":"https:\/\/greekbloom.mano-serveris.eu\/?post_type=product&#038;p=29525"},"modified":"2026-03-23T10:24:52","modified_gmt":"2026-03-23T10:24:52","slug":"agoureleo-tidlig-hostet-ufiltrert-ekstra-virgin-olivenolje","status":"publish","type":"product","link":"https:\/\/greekbloom.com\/index.php\/product\/agoureleo-tidlig-hostet-ufiltrert-ekstra-virgin-olivenolje\/","title":{"rendered":"AGOURELEO \u2013 Tidlig H\u00f8stet Ufiltrert Ekstra Virgin Olivenolje"},"content":{"rendered":"<p><img loading=\"lazy\" decoding=\"async\" class=\"alignnone size-medium wp-image-29508\" src=\"https:\/\/greekbloom.mano-serveris.eu\/wp-content\/uploads\/2026\/03\/Photoroom_20260305_132251-225x300.jpeg\" alt=\"\" width=\"225\" height=\"300\" srcset=\"https:\/\/greekbloom.com\/wp-content\/uploads\/2026\/03\/Photoroom_20260305_132251-225x300.jpeg 225w, https:\/\/greekbloom.com\/wp-content\/uploads\/2026\/03\/Photoroom_20260305_132251-150x200.jpeg 150w, https:\/\/greekbloom.com\/wp-content\/uploads\/2026\/03\/Photoroom_20260305_132251-600x800.jpeg 600w, https:\/\/greekbloom.com\/wp-content\/uploads\/2026\/03\/Photoroom_20260305_132251-768x1024.jpeg 768w, https:\/\/greekbloom.com\/wp-content\/uploads\/2026\/03\/Photoroom_20260305_132251-1152x1536.jpeg 1152w, https:\/\/greekbloom.com\/wp-content\/uploads\/2026\/03\/Photoroom_20260305_132251.jpeg 1512w\" sizes=\"auto, (max-width: 225px) 100vw, 225px\" \/><\/p>\n","protected":false},"excerpt":{"rendered":"<p data-start=\"66\" data-end=\"387\">Opplev den friske og kraftfulle smaken av <strong data-start=\"108\" data-end=\"121\">Agoureleo<\/strong>, en premium tidlig h\u00f8stet ekstra virgin olivenolje laget av n\u00f8ye utvalgte gr\u00f8nne oliven fra Hellas. Olivenene h\u00f8stes tidlig i sesongen, mens de fortsatt er unge og fulle av naturlige n\u00e6ringsstoffer. Dette gir en olivenolje med en intens aroma og en ren, frisk smak.<\/p>\n<p data-start=\"389\" data-end=\"626\">Denne oljen er <strong data-start=\"404\" data-end=\"417\">ufiltrert<\/strong>, noe som betyr at den beholder sine naturlige egenskaper, n\u00e6ringsstoffer og sitt lett uklare utseende. Resultatet er en olivenolje med rik karakter, friske gr\u00f8nne toner og en behagelig pepperaktig avslutning.<\/p>\n<h3 data-start=\"628\" data-end=\"665\">Hvorfor tidlig h\u00f8stet olivenolje?<\/h3>\n<p data-start=\"666\" data-end=\"892\">Oliven som h\u00f8stes tidlig inneholder h\u00f8yere niv\u00e5er av <strong data-start=\"719\" data-end=\"752\">antioksidanter og polyfenoler<\/strong>, som bidrar til b\u00e5de smak og ern\u00e6ringsmessige fordeler. Selv om avkastningen er lavere, gir denne metoden en olje av spesielt h\u00f8y kvalitet.<\/p>\n<h3 data-start=\"894\" data-end=\"909\">Smaksprofil<\/h3>\n<ul data-start=\"910\" data-end=\"1051\">\n<li data-start=\"910\" data-end=\"934\">\n<p data-start=\"912\" data-end=\"934\">Frisk og gr\u00f8nn aroma<\/p>\n<\/li>\n<li data-start=\"935\" data-end=\"969\">\n<p data-start=\"937\" data-end=\"969\">Smak av gr\u00f8nne oliven og urter<\/p>\n<\/li>\n<li data-start=\"970\" data-end=\"1023\">\n<p data-start=\"972\" data-end=\"1023\">Lett bitterhet med en mild pepperaktig avslutning<\/p>\n<\/li>\n<li data-start=\"1024\" data-end=\"1051\">\n<p data-start=\"1026\" data-end=\"1051\">Fyldig og livlig karakter<\/p>\n<\/li>\n<\/ul>\n<h3 data-start=\"1053\" data-end=\"1068\">Perfekt til<\/h3>\n<ul data-start=\"1069\" data-end=\"1227\">\n<li data-start=\"1069\" data-end=\"1094\">\n<p data-start=\"1071\" data-end=\"1094\">Salater og gr\u00f8nnsaker<\/p>\n<\/li>\n<li data-start=\"1095\" data-end=\"1147\">\n<p data-start=\"1097\" data-end=\"1147\">Som finishing oil over supper og grillede retter<\/p>\n<\/li>\n<li data-start=\"1148\" data-end=\"1173\">\n<p data-start=\"1150\" data-end=\"1173\">Ferskt br\u00f8d og dipper<\/p>\n<\/li>\n<li data-start=\"1174\" data-end=\"1227\">\n<p data-start=\"1176\" data-end=\"1227\">Middelhavsretter hvor god olivenolje st\u00e5r i sentrum<\/p>\n<\/li>\n<\/ul>\n<h3 data-start=\"1229\" data-end=\"1251\">Produktinformasjon<\/h3>\n<ul data-start=\"1252\" data-end=\"1421\">\n<li data-start=\"1252\" data-end=\"1314\">\n<p data-start=\"1254\" data-end=\"1314\"><strong data-start=\"1254\" data-end=\"1263\">Type:<\/strong> Tidlig h\u00f8stet ufiltrert ekstra virgin olivenolje<\/p>\n<\/li>\n<li data-start=\"1315\" data-end=\"1342\">\n<p data-start=\"1317\" data-end=\"1342\"><strong data-start=\"1317\" data-end=\"1333\">Opprinnelse:<\/strong> Hellas<\/p>\n<\/li>\n<li data-start=\"1343\" data-end=\"1364\">\n<p data-start=\"1345\" data-end=\"1364\"><strong data-start=\"1345\" data-end=\"1355\">Volum:<\/strong> 750 ml<\/p>\n<\/li>\n<li data-start=\"1365\" data-end=\"1421\">\n<p data-start=\"1367\" data-end=\"1421\"><strong data-start=\"1367\" data-end=\"1382\">Produksjon:<\/strong> Kaldpresset fra ferske gr\u00f8nne oliven<\/p>\n<\/li>\n<\/ul>\n<p data-start=\"1423\" data-end=\"1549\" data-is-last-node=\"\" data-is-only-node=\"\">Agoureleo nytes best <strong data-start=\"1444\" data-end=\"1467\">r\u00e5 eller lett brukt<\/strong>, slik at den friske smaken og de naturlige egenskapene virkelig kommer frem. \ud83e\uded2\ud83c\udf3f<\/p>\n","protected":false},"featured_media":29508,"comment_status":"open","ping_status":"closed","template":"","meta":[],"product_brand":[],"product_cat":[77],"product_tag":[],"class_list":{"0":"post-29525","1":"product","2":"type-product","3":"status-publish","4":"has-post-thumbnail","6":"product_cat-olivenolje-og-eddik","8":"first","9":"outofstock","10":"shipping-taxable","11":"purchasable","12":"product-type-simple"},"aioseo_notices":[],"_links":{"self":[{"href":"https:\/\/greekbloom.com\/index.php\/wp-json\/wp\/v2\/product\/29525","targetHints":{"allow":["GET"]}}],"collection":[{"href":"https:\/\/greekbloom.com\/index.php\/wp-json\/wp\/v2\/product"}],"about":[{"href":"https:\/\/greekbloom.com\/index.php\/wp-json\/wp\/v2\/types\/product"}],"replies":[{"embeddable":true,"href":"https:\/\/greekbloom.com\/index.php\/wp-json\/wp\/v2\/comments?post=29525"}],"version-history":[{"count":1,"href":"https:\/\/greekbloom.com\/index.php\/wp-json\/wp\/v2\/product\/29525\/revisions"}],"predecessor-version":[{"id":29526,"href":"https:\/\/greekbloom.com\/index.php\/wp-json\/wp\/v2\/product\/29525\/revisions\/29526"}],"wp:featuredmedia":[{"embeddable":true,"href":"https:\/\/greekbloom.com\/index.php\/wp-json\/wp\/v2\/media\/29508"}],"wp:attachment":[{"href":"https:\/\/greekbloom.com\/index.php\/wp-json\/wp\/v2\/media?parent=29525"}],"wp:term":[{"taxonomy":"product_brand","embeddable":true,"href":"https:\/\/greekbloom.com\/index.php\/wp-json\/wp\/v2\/product_brand?post=29525"},{"taxonomy":"product_cat","embeddable":true,"href":"https:\/\/greekbloom.com\/index.php\/wp-json\/wp\/v2\/product_cat?post=29525"},{"taxonomy":"product_tag","embeddable":true,"href":"https:\/\/greekbloom.com\/index.php\/wp-json\/wp\/v2\/product_tag?post=29525"}],"curies":[{"name":"wp","href":"https:\/\/api.w.org\/{rel}","templated":true}]}}