{"id":29297,"date":"2026-02-17T12:19:21","date_gmt":"2026-02-17T12:19:21","guid":{"rendered":"https:\/\/greekbloom.mano-serveris.eu\/?post_type=product&#038;p=29297"},"modified":"2026-02-17T12:19:30","modified_gmt":"2026-02-17T12:19:30","slug":"alexakis-souvlaki-pita-bread","status":"publish","type":"product","link":"https:\/\/greekbloom.com\/index.php\/product\/alexakis-souvlaki-pita-bread\/","title":{"rendered":"Alexakis Souvlaki Pita Bread"},"content":{"rendered":"<p data-start=\"36\" data-end=\"265\">Myk og smakfull <strong data-start=\"52\" data-end=\"66\">gresk pita<\/strong> \u2013 perfekt til souvlaki, gyros eller andre middelhavsretter. Denne tradisjonelle pitaen fra Hellas har en deilig myk konsistens og mild smak som passer perfekt til b\u00e5de kj\u00f8tt, gr\u00f8nnsaker og sauser.<\/p>\n<p data-start=\"267\" data-end=\"353\">Varm den raskt i stekepanne, ovn eller p\u00e5 grillen for en autentisk gresk opplevelse.<\/p>\n<p data-start=\"355\" data-end=\"526\" data-is-last-node=\"\" data-is-only-node=\"\"><strong data-start=\"355\" data-end=\"364\">Bruk:<\/strong> Ideell til souvlaki, gyros, wrap eller som tilbeh\u00f8r til m\u00e5ltider.<br data-start=\"430\" data-end=\"433\" \/><strong data-start=\"433\" data-end=\"449\">Oppbevaring:<\/strong> Frys og tines f\u00f8r bruk.<br data-start=\"473\" data-end=\"476\" data-is-only-node=\"\" \/><strong data-start=\"476\" data-end=\"485\">Vekt:<\/strong> 10 stk \/ 850 g<br data-start=\"500\" data-end=\"503\" \/><strong data-start=\"503\" data-end=\"519\">Opprinnelse:<\/strong> Hellas<\/p>\n","protected":false},"excerpt":{"rendered":"<p>Myk og smakfull gresk pita \u2013 perfekt til souvlaki, gyros eller andre middelhavsretter. Denne tradisjonelle pitaen fra Hellas har en<\/p>\n","protected":false},"featured_media":29353,"comment_status":"open","ping_status":"closed","template":"","meta":[],"product_brand":[],"product_cat":[78,90,91],"product_tag":[],"class_list":{"0":"post-29297","1":"product","2":"type-product","3":"status-publish","4":"has-post-thumbnail","6":"product_cat-annet","7":"product_cat-autentiske-greske-pitaer-frosne","8":"product_cat-gyros","10":"first","11":"instock","12":"shipping-taxable","13":"purchasable","14":"product-type-simple"},"aioseo_notices":[],"_links":{"self":[{"href":"https:\/\/greekbloom.com\/index.php\/wp-json\/wp\/v2\/product\/29297","targetHints":{"allow":["GET"]}}],"collection":[{"href":"https:\/\/greekbloom.com\/index.php\/wp-json\/wp\/v2\/product"}],"about":[{"href":"https:\/\/greekbloom.com\/index.php\/wp-json\/wp\/v2\/types\/product"}],"replies":[{"embeddable":true,"href":"https:\/\/greekbloom.com\/index.php\/wp-json\/wp\/v2\/comments?post=29297"}],"version-history":[{"count":1,"href":"https:\/\/greekbloom.com\/index.php\/wp-json\/wp\/v2\/product\/29297\/revisions"}],"predecessor-version":[{"id":29354,"href":"https:\/\/greekbloom.com\/index.php\/wp-json\/wp\/v2\/product\/29297\/revisions\/29354"}],"wp:featuredmedia":[{"embeddable":true,"href":"https:\/\/greekbloom.com\/index.php\/wp-json\/wp\/v2\/media\/29353"}],"wp:attachment":[{"href":"https:\/\/greekbloom.com\/index.php\/wp-json\/wp\/v2\/media?parent=29297"}],"wp:term":[{"taxonomy":"product_brand","embeddable":true,"href":"https:\/\/greekbloom.com\/index.php\/wp-json\/wp\/v2\/product_brand?post=29297"},{"taxonomy":"product_cat","embeddable":true,"href":"https:\/\/greekbloom.com\/index.php\/wp-json\/wp\/v2\/product_cat?post=29297"},{"taxonomy":"product_tag","embeddable":true,"href":"https:\/\/greekbloom.com\/index.php\/wp-json\/wp\/v2\/product_tag?post=29297"}],"curies":[{"name":"wp","href":"https:\/\/api.w.org\/{rel}","templated":true}]}}