{"id":29291,"date":"2026-02-17T12:19:20","date_gmt":"2026-02-17T12:19:20","guid":{"rendered":"https:\/\/greekbloom.mano-serveris.eu\/?post_type=product&#038;p=29291"},"modified":"2026-04-07T20:55:40","modified_gmt":"2026-04-07T19:55:40","slug":"dramitisis-strifti-med-ost-800-g","status":"publish","type":"product","link":"https:\/\/greekbloom.com\/index.php\/product\/dramitisis-strifti-med-ost-800-g\/","title":{"rendered":"Arabatzi\u2019s Strifti med ost \u2013 800 g"},"content":{"rendered":"<p data-start=\"122\" data-end=\"415\">En tradisjonell gresk <strong data-start=\"144\" data-end=\"155\">Strifti<\/strong> (spiralpai) fylt med ekte gresk ost. Denne delikatessen kombinerer spr\u00f8 filodeig med en kremet osteblanding som gir en perfekt balanse mellom salt og fyldig smak. Et ekte smaksm\u00f8te fra det greske kj\u00f8kken \u2013 ideell til frokost, lunsj eller som en lett middag.<\/p>\n<ul data-start=\"417\" data-end=\"614\">\n<li data-start=\"417\" data-end=\"436\">\n<p data-start=\"419\" data-end=\"436\"><strong data-start=\"419\" data-end=\"428\">Vekt:<\/strong> 800 g<\/p>\n<\/li>\n<li data-start=\"437\" data-end=\"469\">\n<p data-start=\"439\" data-end=\"469\"><strong data-start=\"439\" data-end=\"455\">Opprinnelse:<\/strong> Hellas \ud83c\uddec\ud83c\uddf7<\/p>\n<\/li>\n<li data-start=\"470\" data-end=\"584\">\n<p data-start=\"472\" data-end=\"584\"><strong data-start=\"472\" data-end=\"491\">Serveringstips:<\/strong> Stekes direkte fra fryseren til gyllen og spr\u00f8. Server varm med gresk yoghurt eller salat.<\/p>\n<\/li>\n<li data-start=\"585\" data-end=\"614\">\n<p data-start=\"587\" data-end=\"614\"><strong data-start=\"587\" data-end=\"603\">Oppbevaring:<\/strong> Frossen.<\/p>\n<\/li>\n<\/ul>\n<p data-start=\"616\" data-end=\"657\">Smaken av Hellas \u2013 rett fra ovnen!<\/p>\n","protected":false},"excerpt":{"rendered":"<p>En tradisjonell gresk Strifti (spiralpai) fylt med ekte gresk ost. Denne delikatessen kombinerer spr\u00f8 filodeig med en kremet osteblanding som<\/p>\n","protected":false},"featured_media":29340,"comment_status":"open","ping_status":"closed","template":"","meta":[],"product_brand":[],"product_cat":[90],"product_tag":[],"class_list":{"0":"post-29291","1":"product","2":"type-product","3":"status-publish","4":"has-post-thumbnail","6":"product_cat-autentiske-greske-pitaer-frosne","8":"first","9":"instock","10":"shipping-taxable","11":"purchasable","12":"product-type-simple"},"aioseo_notices":[],"_links":{"self":[{"href":"https:\/\/greekbloom.com\/index.php\/wp-json\/wp\/v2\/product\/29291","targetHints":{"allow":["GET"]}}],"collection":[{"href":"https:\/\/greekbloom.com\/index.php\/wp-json\/wp\/v2\/product"}],"about":[{"href":"https:\/\/greekbloom.com\/index.php\/wp-json\/wp\/v2\/types\/product"}],"replies":[{"embeddable":true,"href":"https:\/\/greekbloom.com\/index.php\/wp-json\/wp\/v2\/comments?post=29291"}],"version-history":[{"count":2,"href":"https:\/\/greekbloom.com\/index.php\/wp-json\/wp\/v2\/product\/29291\/revisions"}],"predecessor-version":[{"id":29952,"href":"https:\/\/greekbloom.com\/index.php\/wp-json\/wp\/v2\/product\/29291\/revisions\/29952"}],"wp:featuredmedia":[{"embeddable":true,"href":"https:\/\/greekbloom.com\/index.php\/wp-json\/wp\/v2\/media\/29340"}],"wp:attachment":[{"href":"https:\/\/greekbloom.com\/index.php\/wp-json\/wp\/v2\/media?parent=29291"}],"wp:term":[{"taxonomy":"product_brand","embeddable":true,"href":"https:\/\/greekbloom.com\/index.php\/wp-json\/wp\/v2\/product_brand?post=29291"},{"taxonomy":"product_cat","embeddable":true,"href":"https:\/\/greekbloom.com\/index.php\/wp-json\/wp\/v2\/product_cat?post=29291"},{"taxonomy":"product_tag","embeddable":true,"href":"https:\/\/greekbloom.com\/index.php\/wp-json\/wp\/v2\/product_tag?post=29291"}],"curies":[{"name":"wp","href":"https:\/\/api.w.org\/{rel}","templated":true}]}}