{"id":29189,"date":"2026-02-17T12:19:03","date_gmt":"2026-02-17T12:19:03","guid":{"rendered":"https:\/\/greekbloom.mano-serveris.eu\/?post_type=product&#038;p=29189"},"modified":"2026-04-07T12:09:17","modified_gmt":"2026-04-07T11:09:17","slug":"agrino-gresk-parboiled-ris-500-g","status":"publish","type":"product","link":"https:\/\/greekbloom.com\/index.php\/product\/agrino-gresk-parboiled-ris-500-g\/","title":{"rendered":"Agrino \u2013 Gresk parboiled ris \u2013 500 g"},"content":{"rendered":"<p data-start=\"116\" data-end=\"333\">H\u00f8ykvalitets <strong data-start=\"129\" data-end=\"152\">gresk parboiled ris<\/strong> fra <strong data-start=\"157\" data-end=\"167\">Agrino<\/strong>, kjent for sitt luftige resultat og delikate smak. Denne risen er forkokt p\u00e5 en naturlig m\u00e5te som bevarer n\u00e6ringsstoffene og gj\u00f8r kornene ekstra l\u00f8se etter koking.<\/p>\n<p data-start=\"335\" data-end=\"444\">Perfekt til gryter, salater, fylte gr\u00f8nnsaker (<em data-start=\"382\" data-end=\"391\">gemista<\/em>) eller som tilbeh\u00f8r til kj\u00f8tt, fisk og gr\u00f8nnsaker.<\/p>\n<ul data-start=\"446\" data-end=\"611\">\n<li data-start=\"446\" data-end=\"487\">\n<p data-start=\"448\" data-end=\"487\"><strong data-start=\"448\" data-end=\"465\">Ingredienser:<\/strong> 100 % parboiled ris<\/p>\n<\/li>\n<li data-start=\"488\" data-end=\"509\">\n<p data-start=\"490\" data-end=\"509\"><strong data-start=\"490\" data-end=\"501\">Mengde:<\/strong> 500 g<\/p>\n<\/li>\n<li data-start=\"510\" data-end=\"537\">\n<p data-start=\"512\" data-end=\"537\"><strong data-start=\"512\" data-end=\"528\">Opprinnelse:<\/strong> Hellas<\/p>\n<\/li>\n<li data-start=\"538\" data-end=\"611\">\n<p data-start=\"540\" data-end=\"611\"><strong data-start=\"540\" data-end=\"557\">Tilberedning:<\/strong> Kok i 10\u201312 minutter for et lett og luftig resultat<\/p>\n<\/li>\n<\/ul>\n<p data-start=\"613\" data-end=\"717\">Et sunt og smakfullt gresk basisprodukt \u2013 perfekt for b\u00e5de hverdagsmat og middelhavsinspirerte retter.<\/p>\n","protected":false},"excerpt":{"rendered":"<p>H\u00f8ykvalitets gresk parboiled ris fra Agrino, kjent for sitt luftige resultat og delikate smak. Denne risen er forkokt p\u00e5 en<\/p>\n","protected":false},"featured_media":29238,"comment_status":"open","ping_status":"closed","template":"","meta":[],"product_brand":[],"product_cat":[80],"product_tag":[],"class_list":{"0":"post-29189","1":"product","2":"type-product","3":"status-publish","4":"has-post-thumbnail","6":"product_cat-pasta-og-ris","8":"first","9":"instock","10":"shipping-taxable","11":"purchasable","12":"product-type-simple"},"aioseo_notices":[],"_links":{"self":[{"href":"https:\/\/greekbloom.com\/index.php\/wp-json\/wp\/v2\/product\/29189","targetHints":{"allow":["GET"]}}],"collection":[{"href":"https:\/\/greekbloom.com\/index.php\/wp-json\/wp\/v2\/product"}],"about":[{"href":"https:\/\/greekbloom.com\/index.php\/wp-json\/wp\/v2\/types\/product"}],"replies":[{"embeddable":true,"href":"https:\/\/greekbloom.com\/index.php\/wp-json\/wp\/v2\/comments?post=29189"}],"version-history":[{"count":1,"href":"https:\/\/greekbloom.com\/index.php\/wp-json\/wp\/v2\/product\/29189\/revisions"}],"predecessor-version":[{"id":29239,"href":"https:\/\/greekbloom.com\/index.php\/wp-json\/wp\/v2\/product\/29189\/revisions\/29239"}],"wp:featuredmedia":[{"embeddable":true,"href":"https:\/\/greekbloom.com\/index.php\/wp-json\/wp\/v2\/media\/29238"}],"wp:attachment":[{"href":"https:\/\/greekbloom.com\/index.php\/wp-json\/wp\/v2\/media?parent=29189"}],"wp:term":[{"taxonomy":"product_brand","embeddable":true,"href":"https:\/\/greekbloom.com\/index.php\/wp-json\/wp\/v2\/product_brand?post=29189"},{"taxonomy":"product_cat","embeddable":true,"href":"https:\/\/greekbloom.com\/index.php\/wp-json\/wp\/v2\/product_cat?post=29189"},{"taxonomy":"product_tag","embeddable":true,"href":"https:\/\/greekbloom.com\/index.php\/wp-json\/wp\/v2\/product_tag?post=29189"}],"curies":[{"name":"wp","href":"https:\/\/api.w.org\/{rel}","templated":true}]}}