{"id":29109,"date":"2026-02-17T12:18:48","date_gmt":"2026-02-17T12:18:48","guid":{"rendered":"https:\/\/greekbloom.mano-serveris.eu\/?post_type=product&#038;p=29109"},"modified":"2026-02-17T12:18:57","modified_gmt":"2026-02-17T12:18:57","slug":"7-days-bake-rolls-hvitlok-150-g","status":"publish","type":"product","link":"https:\/\/greekbloom.com\/index.php\/product\/7-days-bake-rolls-hvitlok-150-g\/","title":{"rendered":"7 Days Bake Rolls \u2013 Hvitl\u00f8k \u2013 150 g"},"content":{"rendered":"<p data-start=\"114\" data-end=\"354\">Knasende spr\u00f8 <strong data-start=\"128\" data-end=\"159\">Bake Rolls med hvitl\u00f8kssmak<\/strong> fra <strong data-start=\"164\" data-end=\"174\">7 Days<\/strong> \u2013 laget av ristet br\u00f8d sk\u00e5ret i tynne, gylne skiver. Den aromatiske smaken av hvitl\u00f8k gir en deilig og intens smak som passer perfekt som snacks, til dipp, supper eller salater.<\/p>\n<p data-start=\"356\" data-end=\"439\">Et smakfullt og popul\u00e6rt valg for alle som liker litt ekstra krydder i hverdagen.<\/p>\n<ul data-start=\"441\" data-end=\"601\">\n<li data-start=\"441\" data-end=\"513\">\n<p data-start=\"443\" data-end=\"513\"><strong data-start=\"443\" data-end=\"460\">Ingredienser:<\/strong> Hvetemel, solsikkeolje, hvitl\u00f8kspulver, salt, gj\u00e6r<\/p>\n<\/li>\n<li data-start=\"514\" data-end=\"535\">\n<p data-start=\"516\" data-end=\"535\"><strong data-start=\"516\" data-end=\"527\">Mengde:<\/strong> 150 g<\/p>\n<\/li>\n<li data-start=\"536\" data-end=\"573\">\n<p data-start=\"538\" data-end=\"573\"><strong data-start=\"538\" data-end=\"553\">Allergener:<\/strong> Inneholder gluten<\/p>\n<\/li>\n<li data-start=\"574\" data-end=\"601\">\n<p data-start=\"576\" data-end=\"601\"><strong data-start=\"576\" data-end=\"592\">Opprinnelse:<\/strong> Hellas<\/p>\n<\/li>\n<\/ul>\n<p data-start=\"603\" data-end=\"669\">Spr\u00f8, smakfulle og umulige \u00e5 motst\u00e5 \u2013 ekte gresk snacksfavoritt!<\/p>\n","protected":false},"excerpt":{"rendered":"<p>Knasende spr\u00f8 Bake Rolls med hvitl\u00f8kssmak fra 7 Days \u2013 laget av ristet br\u00f8d sk\u00e5ret i tynne, gylne skiver. Den<\/p>\n","protected":false},"featured_media":29167,"comment_status":"open","ping_status":"closed","template":"","meta":[],"product_brand":[],"product_cat":[79],"product_tag":[],"class_list":{"0":"post-29109","1":"product","2":"type-product","3":"status-publish","4":"has-post-thumbnail","6":"product_cat-kjeks-eller-snacks","8":"first","9":"instock","10":"shipping-taxable","11":"purchasable","12":"product-type-simple"},"aioseo_notices":[],"_links":{"self":[{"href":"https:\/\/greekbloom.com\/index.php\/wp-json\/wp\/v2\/product\/29109","targetHints":{"allow":["GET"]}}],"collection":[{"href":"https:\/\/greekbloom.com\/index.php\/wp-json\/wp\/v2\/product"}],"about":[{"href":"https:\/\/greekbloom.com\/index.php\/wp-json\/wp\/v2\/types\/product"}],"replies":[{"embeddable":true,"href":"https:\/\/greekbloom.com\/index.php\/wp-json\/wp\/v2\/comments?post=29109"}],"version-history":[{"count":1,"href":"https:\/\/greekbloom.com\/index.php\/wp-json\/wp\/v2\/product\/29109\/revisions"}],"predecessor-version":[{"id":29168,"href":"https:\/\/greekbloom.com\/index.php\/wp-json\/wp\/v2\/product\/29109\/revisions\/29168"}],"wp:featuredmedia":[{"embeddable":true,"href":"https:\/\/greekbloom.com\/index.php\/wp-json\/wp\/v2\/media\/29167"}],"wp:attachment":[{"href":"https:\/\/greekbloom.com\/index.php\/wp-json\/wp\/v2\/media?parent=29109"}],"wp:term":[{"taxonomy":"product_brand","embeddable":true,"href":"https:\/\/greekbloom.com\/index.php\/wp-json\/wp\/v2\/product_brand?post=29109"},{"taxonomy":"product_cat","embeddable":true,"href":"https:\/\/greekbloom.com\/index.php\/wp-json\/wp\/v2\/product_cat?post=29109"},{"taxonomy":"product_tag","embeddable":true,"href":"https:\/\/greekbloom.com\/index.php\/wp-json\/wp\/v2\/product_tag?post=29109"}],"curies":[{"name":"wp","href":"https:\/\/api.w.org\/{rel}","templated":true}]}}