{"id":29101,"date":"2026-02-17T12:18:47","date_gmt":"2026-02-17T12:18:47","guid":{"rendered":"https:\/\/greekbloom.mano-serveris.eu\/?post_type=product&#038;p=29101"},"modified":"2026-02-17T12:18:54","modified_gmt":"2026-02-17T12:18:54","slug":"the-manna-byggkrutonger-med-olivenolje-170-g","status":"publish","type":"product","link":"https:\/\/greekbloom.com\/index.php\/product\/the-manna-byggkrutonger-med-olivenolje-170-g\/","title":{"rendered":"The Manna \u2013 Byggkrutonger med olivenolje \u2013 170 g"},"content":{"rendered":"<p data-start=\"127\" data-end=\"340\">Smakfulle og spr\u00f8 <strong data-start=\"145\" data-end=\"167\">mini-byggkrutonger<\/strong> laget etter kretisk tradisjon, med ekte <strong data-start=\"208\" data-end=\"228\">gresk olivenolje<\/strong>. Disse sm\u00e5, rustikke br\u00f8dbitene fra <strong data-start=\"265\" data-end=\"278\">The Manna<\/strong> passer perfekt til salater, supper, oster eller som snacks.<\/p>\n<p data-start=\"342\" data-end=\"455\">Laget av byggmel og naturlige ingredienser \u2013 uten konserveringsmidler \u2013 for en sunn og autentisk smak av Kreta.<\/p>\n<ul data-start=\"457\" data-end=\"615\">\n<li data-start=\"457\" data-end=\"520\">\n<p data-start=\"459\" data-end=\"520\"><strong data-start=\"459\" data-end=\"476\">Ingredienser:<\/strong> Byggmel, hvetemel, olivenolje, salt, gj\u00e6r<\/p>\n<\/li>\n<li data-start=\"521\" data-end=\"542\">\n<p data-start=\"523\" data-end=\"542\"><strong data-start=\"523\" data-end=\"534\">Mengde:<\/strong> 170 g<\/p>\n<\/li>\n<li data-start=\"543\" data-end=\"577\">\n<p data-start=\"545\" data-end=\"577\"><strong data-start=\"545\" data-end=\"561\">Opprinnelse:<\/strong> Kreta, Hellas<\/p>\n<\/li>\n<li data-start=\"578\" data-end=\"615\">\n<p data-start=\"580\" data-end=\"615\"><strong data-start=\"580\" data-end=\"595\">Allergener:<\/strong> Inneholder gluten<\/p>\n<\/li>\n<\/ul>\n<p data-start=\"617\" data-end=\"703\">Et ekte gresk kvalitetsprodukt \u2013 spr\u00f8tt, sunt og laget med kj\u00e6rlighet til tradisjon.<\/p>\n","protected":false},"excerpt":{"rendered":"<p>Smakfulle og spr\u00f8 mini-byggkrutonger laget etter kretisk tradisjon, med ekte gresk olivenolje. Disse sm\u00e5, rustikke br\u00f8dbitene fra The Manna passer<\/p>\n","protected":false},"featured_media":29150,"comment_status":"open","ping_status":"closed","template":"","meta":[],"product_brand":[],"product_cat":[78,79],"product_tag":[],"class_list":{"0":"post-29101","1":"product","2":"type-product","3":"status-publish","4":"has-post-thumbnail","6":"product_cat-annet","7":"product_cat-kjeks-eller-snacks","9":"first","10":"instock","11":"shipping-taxable","12":"purchasable","13":"product-type-simple"},"aioseo_notices":[],"_links":{"self":[{"href":"https:\/\/greekbloom.com\/index.php\/wp-json\/wp\/v2\/product\/29101","targetHints":{"allow":["GET"]}}],"collection":[{"href":"https:\/\/greekbloom.com\/index.php\/wp-json\/wp\/v2\/product"}],"about":[{"href":"https:\/\/greekbloom.com\/index.php\/wp-json\/wp\/v2\/types\/product"}],"replies":[{"embeddable":true,"href":"https:\/\/greekbloom.com\/index.php\/wp-json\/wp\/v2\/comments?post=29101"}],"version-history":[{"count":1,"href":"https:\/\/greekbloom.com\/index.php\/wp-json\/wp\/v2\/product\/29101\/revisions"}],"predecessor-version":[{"id":29151,"href":"https:\/\/greekbloom.com\/index.php\/wp-json\/wp\/v2\/product\/29101\/revisions\/29151"}],"wp:featuredmedia":[{"embeddable":true,"href":"https:\/\/greekbloom.com\/index.php\/wp-json\/wp\/v2\/media\/29150"}],"wp:attachment":[{"href":"https:\/\/greekbloom.com\/index.php\/wp-json\/wp\/v2\/media?parent=29101"}],"wp:term":[{"taxonomy":"product_brand","embeddable":true,"href":"https:\/\/greekbloom.com\/index.php\/wp-json\/wp\/v2\/product_brand?post=29101"},{"taxonomy":"product_cat","embeddable":true,"href":"https:\/\/greekbloom.com\/index.php\/wp-json\/wp\/v2\/product_cat?post=29101"},{"taxonomy":"product_tag","embeddable":true,"href":"https:\/\/greekbloom.com\/index.php\/wp-json\/wp\/v2\/product_tag?post=29101"}],"curies":[{"name":"wp","href":"https:\/\/api.w.org\/{rel}","templated":true}]}}