{"id":29096,"date":"2026-02-17T12:18:47","date_gmt":"2026-02-17T12:18:47","guid":{"rendered":"https:\/\/greekbloom.mano-serveris.eu\/?post_type=product&#038;p=29096"},"modified":"2026-02-17T12:18:53","modified_gmt":"2026-02-17T12:18:53","slug":"ilios-makaroni-nr-2-klassisk-gresk-pasta","status":"publish","type":"product","link":"https:\/\/greekbloom.com\/index.php\/product\/ilios-makaroni-nr-2-klassisk-gresk-pasta\/","title":{"rendered":"Ilios Makaroni Nr. 2 \u2013 Klassisk gresk pasta"},"content":{"rendered":"<p data-start=\"58\" data-end=\"316\">Opplev ekte gresk smak med <strong data-start=\"85\" data-end=\"109\">Ilios Makaroni Nr. 2<\/strong>, den klassiske lange pastaen som brukes i den tradisjonelle retten <em data-start=\"177\" data-end=\"188\">Pastitsio<\/em> \u2013 Hellas\u2019 versjon av lasagne. Laget av 100 % durumhvete av h\u00f8y kvalitet, gir denne pastaen perfekt tekstur og smak hver gang.<\/p>\n<p data-start=\"318\" data-end=\"406\">Den hule formen gj\u00f8r den ideell til \u00e5 holde p\u00e5 sauser og gi fyldige, smakfulle retter.<\/p>\n<p data-start=\"408\" data-end=\"600\"><strong data-start=\"411\" data-end=\"428\">Ingredienser:<\/strong> Durumhvetemel, vann<\/p>\n<p data-start=\"408\" data-end=\"600\"><strong data-start=\"454\" data-end=\"466\">Koketid:<\/strong> Ca. 10\u201312 minutter<br data-start=\"485\" data-end=\"488\" data-is-only-node=\"\" \/><strong data-start=\"492\" data-end=\"508\">Perfekt til:<\/strong> Pastitsio, gratenger og ovnsretter<br data-start=\"543\" data-end=\"546\" \/><strong data-start=\"551\" data-end=\"567\">Opprinnelse:<\/strong> Hellas<br data-start=\"574\" data-end=\"577\" \/><strong data-start=\"580\" data-end=\"592\">Innhold:<\/strong> 500 g<\/p>\n<p data-start=\"602\" data-end=\"673\" data-is-last-node=\"\" data-is-only-node=\"\">Et must for deg som elsker ekte gresk husmannskost og middelhavssmaker!<\/p>\n","protected":false},"excerpt":{"rendered":"<p>Opplev ekte gresk smak med Ilios Makaroni Nr. 2, den klassiske lange pastaen som brukes i den tradisjonelle retten Pastitsio<\/p>\n","protected":false},"featured_media":29140,"comment_status":"open","ping_status":"closed","template":"","meta":[],"product_brand":[],"product_cat":[80],"product_tag":[],"class_list":{"0":"post-29096","1":"product","2":"type-product","3":"status-publish","4":"has-post-thumbnail","6":"product_cat-pasta-og-ris","8":"first","9":"instock","10":"shipping-taxable","11":"purchasable","12":"product-type-simple"},"aioseo_notices":[],"_links":{"self":[{"href":"https:\/\/greekbloom.com\/index.php\/wp-json\/wp\/v2\/product\/29096","targetHints":{"allow":["GET"]}}],"collection":[{"href":"https:\/\/greekbloom.com\/index.php\/wp-json\/wp\/v2\/product"}],"about":[{"href":"https:\/\/greekbloom.com\/index.php\/wp-json\/wp\/v2\/types\/product"}],"replies":[{"embeddable":true,"href":"https:\/\/greekbloom.com\/index.php\/wp-json\/wp\/v2\/comments?post=29096"}],"version-history":[{"count":1,"href":"https:\/\/greekbloom.com\/index.php\/wp-json\/wp\/v2\/product\/29096\/revisions"}],"predecessor-version":[{"id":29141,"href":"https:\/\/greekbloom.com\/index.php\/wp-json\/wp\/v2\/product\/29096\/revisions\/29141"}],"wp:featuredmedia":[{"embeddable":true,"href":"https:\/\/greekbloom.com\/index.php\/wp-json\/wp\/v2\/media\/29140"}],"wp:attachment":[{"href":"https:\/\/greekbloom.com\/index.php\/wp-json\/wp\/v2\/media?parent=29096"}],"wp:term":[{"taxonomy":"product_brand","embeddable":true,"href":"https:\/\/greekbloom.com\/index.php\/wp-json\/wp\/v2\/product_brand?post=29096"},{"taxonomy":"product_cat","embeddable":true,"href":"https:\/\/greekbloom.com\/index.php\/wp-json\/wp\/v2\/product_cat?post=29096"},{"taxonomy":"product_tag","embeddable":true,"href":"https:\/\/greekbloom.com\/index.php\/wp-json\/wp\/v2\/product_tag?post=29096"}],"curies":[{"name":"wp","href":"https:\/\/api.w.org\/{rel}","templated":true}]}}