{"id":29055,"date":"2026-02-17T12:18:24","date_gmt":"2026-02-17T12:18:24","guid":{"rendered":"https:\/\/greekbloom.mano-serveris.eu\/?post_type=product&#038;p=29055"},"modified":"2026-02-17T12:18:52","modified_gmt":"2026-02-17T12:18:52","slug":"uncle-yiannis-sote-drapepper-sweet-tear-drop-peppers-244-g","status":"publish","type":"product","link":"https:\/\/greekbloom.com\/index.php\/product\/uncle-yiannis-sote-drapepper-sweet-tear-drop-peppers-244-g\/","title":{"rendered":"Uncle Yiannis \u2013 S\u00f8te dr\u00e5pepper (Sweet Tear Drop Peppers) \u2013 244 g"},"content":{"rendered":"<p data-start=\"144\" data-end=\"387\">Delikate <strong data-start=\"153\" data-end=\"171\">s\u00f8te dr\u00e5pepper<\/strong> fra Hellas, kjent for sin unike form og milde, fruktige smak. Disse sm\u00e5, r\u00f8de paprikaene fra <strong data-start=\"265\" data-end=\"282\">Uncle Yiannis<\/strong> er syltet i lett marinade og passer perfekt som tilbeh\u00f8r til ost, tapas, salater eller p\u00e5 meze-bordet.<\/p>\n<p data-start=\"389\" data-end=\"459\">De tilf\u00f8rer b\u00e5de farge og en balansert s\u00f8dme som l\u00f8fter enhver rett.<\/p>\n<ul data-start=\"461\" data-end=\"649\">\n<li data-start=\"461\" data-end=\"527\">\n<p data-start=\"463\" data-end=\"527\"><strong data-start=\"463\" data-end=\"480\">Ingredienser:<\/strong> S\u00f8te r\u00f8de paprika, vann, eddik, sukker, salt<\/p>\n<\/li>\n<li data-start=\"528\" data-end=\"549\">\n<p data-start=\"530\" data-end=\"549\"><strong data-start=\"530\" data-end=\"541\">Mengde:<\/strong> 244 g<\/p>\n<\/li>\n<li data-start=\"550\" data-end=\"577\">\n<p data-start=\"552\" data-end=\"577\"><strong data-start=\"552\" data-end=\"568\">Opprinnelse:<\/strong> Hellas<\/p>\n<\/li>\n<li data-start=\"578\" data-end=\"649\">\n<p data-start=\"580\" data-end=\"649\"><strong data-start=\"580\" data-end=\"599\">Serveringstips:<\/strong> Ideell til ostefat, antipasti, salater og pizza<\/p>\n<\/li>\n<\/ul>\n<p data-start=\"651\" data-end=\"741\">Et smakfullt, h\u00e5ndlaget produkt fra Hellas \u2013 s\u00f8tt, fargerikt og full av middelhavssjarm.<\/p>\n","protected":false},"excerpt":{"rendered":"<p>Delikate s\u00f8te dr\u00e5pepper fra Hellas, kjent for sin unike form og milde, fruktige smak. Disse sm\u00e5, r\u00f8de paprikaene fra Uncle<\/p>\n","protected":false},"featured_media":29132,"comment_status":"open","ping_status":"closed","template":"","meta":[],"product_brand":[],"product_cat":[82],"product_tag":[],"class_list":{"0":"post-29055","1":"product","2":"type-product","3":"status-publish","4":"has-post-thumbnail","6":"product_cat-syltede-gronnsaker","8":"first","9":"instock","10":"shipping-taxable","11":"purchasable","12":"product-type-simple"},"aioseo_notices":[],"_links":{"self":[{"href":"https:\/\/greekbloom.com\/index.php\/wp-json\/wp\/v2\/product\/29055","targetHints":{"allow":["GET"]}}],"collection":[{"href":"https:\/\/greekbloom.com\/index.php\/wp-json\/wp\/v2\/product"}],"about":[{"href":"https:\/\/greekbloom.com\/index.php\/wp-json\/wp\/v2\/types\/product"}],"replies":[{"embeddable":true,"href":"https:\/\/greekbloom.com\/index.php\/wp-json\/wp\/v2\/comments?post=29055"}],"version-history":[{"count":1,"href":"https:\/\/greekbloom.com\/index.php\/wp-json\/wp\/v2\/product\/29055\/revisions"}],"predecessor-version":[{"id":29133,"href":"https:\/\/greekbloom.com\/index.php\/wp-json\/wp\/v2\/product\/29055\/revisions\/29133"}],"wp:featuredmedia":[{"embeddable":true,"href":"https:\/\/greekbloom.com\/index.php\/wp-json\/wp\/v2\/media\/29132"}],"wp:attachment":[{"href":"https:\/\/greekbloom.com\/index.php\/wp-json\/wp\/v2\/media?parent=29055"}],"wp:term":[{"taxonomy":"product_brand","embeddable":true,"href":"https:\/\/greekbloom.com\/index.php\/wp-json\/wp\/v2\/product_brand?post=29055"},{"taxonomy":"product_cat","embeddable":true,"href":"https:\/\/greekbloom.com\/index.php\/wp-json\/wp\/v2\/product_cat?post=29055"},{"taxonomy":"product_tag","embeddable":true,"href":"https:\/\/greekbloom.com\/index.php\/wp-json\/wp\/v2\/product_tag?post=29055"}],"curies":[{"name":"wp","href":"https:\/\/api.w.org\/{rel}","templated":true}]}}