{"id":29048,"date":"2026-02-17T12:18:23","date_gmt":"2026-02-17T12:18:23","guid":{"rendered":"https:\/\/greekbloom.mano-serveris.eu\/?post_type=product&#038;p=29048"},"modified":"2026-04-07T12:25:26","modified_gmt":"2026-04-07T11:25:26","slug":"papadopoulou-kritsinia-med-sesam-250-g","status":"publish","type":"product","link":"https:\/\/greekbloom.com\/index.php\/product\/papadopoulou-kritsinia-med-sesam-250-g\/","title":{"rendered":"Papadopoulou Kritsinia med sesam \u2013 250 g"},"content":{"rendered":"<p data-start=\"119\" data-end=\"327\">Spr\u00f8 og smakfulle <strong data-start=\"137\" data-end=\"170\">greske br\u00f8dpinner (kritsinia)<\/strong> dekket med rikelig med <strong data-start=\"194\" data-end=\"214\">ristede sesamfr\u00f8<\/strong>. Disse klassiske greske snackene er perfekte som tilbeh\u00f8r til ost, oliven, dip eller som et lett mellomm\u00e5ltid.<\/p>\n<p data-start=\"329\" data-end=\"485\">Baksttradisjonen fra <strong data-start=\"350\" data-end=\"366\">Papadopoulou<\/strong>, et av Hellas\u2019 mest kjente bakerier, gir en ekte og autentisk smak av Hellas \u2013 enkel, naturlig og uimotst\u00e5elig spr\u00f8.<\/p>\n<ul data-start=\"487\" data-end=\"650\">\n<li data-start=\"487\" data-end=\"553\">\n<p data-start=\"489\" data-end=\"553\"><strong data-start=\"489\" data-end=\"506\">Ingredienser:<\/strong> Hvetemel, sesamfr\u00f8, solsikkeolje, gj\u00e6r, salt<\/p>\n<\/li>\n<li data-start=\"554\" data-end=\"575\">\n<p data-start=\"556\" data-end=\"575\"><strong data-start=\"556\" data-end=\"567\">Mengde:<\/strong> 250 g<\/p>\n<\/li>\n<li data-start=\"576\" data-end=\"603\">\n<p data-start=\"578\" data-end=\"603\"><strong data-start=\"578\" data-end=\"594\">Opprinnelse:<\/strong> Hellas<\/p>\n<\/li>\n<li data-start=\"604\" data-end=\"650\">\n<p data-start=\"606\" data-end=\"650\"><strong data-start=\"606\" data-end=\"621\">Allergener:<\/strong> Inneholder gluten og sesam<\/p>\n<\/li>\n<\/ul>\n<p data-start=\"652\" data-end=\"721\">Perfekt til meze-bordet, piknik eller som et sunt snacksalternativ.<\/p>\n","protected":false},"excerpt":{"rendered":"<p>Spr\u00f8 og smakfulle greske br\u00f8dpinner (kritsinia) dekket med rikelig med ristede sesamfr\u00f8. Disse klassiske greske snackene er perfekte som tilbeh\u00f8r<\/p>\n","protected":false},"featured_media":29118,"comment_status":"open","ping_status":"closed","template":"","meta":[],"product_brand":[],"product_cat":[79],"product_tag":[],"class_list":{"0":"post-29048","1":"product","2":"type-product","3":"status-publish","4":"has-post-thumbnail","6":"product_cat-kjeks-eller-snacks","8":"first","9":"instock","10":"shipping-taxable","11":"purchasable","12":"product-type-simple"},"aioseo_notices":[],"_links":{"self":[{"href":"https:\/\/greekbloom.com\/index.php\/wp-json\/wp\/v2\/product\/29048","targetHints":{"allow":["GET"]}}],"collection":[{"href":"https:\/\/greekbloom.com\/index.php\/wp-json\/wp\/v2\/product"}],"about":[{"href":"https:\/\/greekbloom.com\/index.php\/wp-json\/wp\/v2\/types\/product"}],"replies":[{"embeddable":true,"href":"https:\/\/greekbloom.com\/index.php\/wp-json\/wp\/v2\/comments?post=29048"}],"version-history":[{"count":1,"href":"https:\/\/greekbloom.com\/index.php\/wp-json\/wp\/v2\/product\/29048\/revisions"}],"predecessor-version":[{"id":29119,"href":"https:\/\/greekbloom.com\/index.php\/wp-json\/wp\/v2\/product\/29048\/revisions\/29119"}],"wp:featuredmedia":[{"embeddable":true,"href":"https:\/\/greekbloom.com\/index.php\/wp-json\/wp\/v2\/media\/29118"}],"wp:attachment":[{"href":"https:\/\/greekbloom.com\/index.php\/wp-json\/wp\/v2\/media?parent=29048"}],"wp:term":[{"taxonomy":"product_brand","embeddable":true,"href":"https:\/\/greekbloom.com\/index.php\/wp-json\/wp\/v2\/product_brand?post=29048"},{"taxonomy":"product_cat","embeddable":true,"href":"https:\/\/greekbloom.com\/index.php\/wp-json\/wp\/v2\/product_cat?post=29048"},{"taxonomy":"product_tag","embeddable":true,"href":"https:\/\/greekbloom.com\/index.php\/wp-json\/wp\/v2\/product_tag?post=29048"}],"curies":[{"name":"wp","href":"https:\/\/api.w.org\/{rel}","templated":true}]}}