{"id":29033,"date":"2026-02-17T12:18:22","date_gmt":"2026-02-17T12:18:22","guid":{"rendered":"https:\/\/greekbloom.mano-serveris.eu\/?post_type=product&#038;p=29033"},"modified":"2026-03-23T12:51:08","modified_gmt":"2026-03-23T12:51:08","slug":"tsiourko-sjokoladetahini-280-g","status":"publish","type":"product","link":"https:\/\/greekbloom.com\/index.php\/product\/tsiourko-sjokoladetahini-280-g\/","title":{"rendered":"Tsiourko sjokoladetahini \u2013 280 g"},"content":{"rendered":"<p data-start=\"426\" data-end=\"627\">Unn deg den rike, kremete godheten til <strong>Tsiourko sjokoladetahini<\/strong>, en deilig blanding av ren tahini og sjokolade som gir en herlig vri p\u00e5 tradisjonelle smaker. Laget med de fineste sesamfr\u00f8ene og blandet med glatt sjokolade, er dette p\u00e5legget perfekt for \u00e5 tilfredsstille s\u00f8tsuget ditt med et sunt preg.<\/p>\n<p data-start=\"426\" data-end=\"627\">Enten du sm\u00f8rer det p\u00e5 toast, tilsetter det i desserter eller nyter det rett fra glasset, tilbyr <strong>Tsiourko sjokoladetahini<\/strong> en unik kombinasjon av kremet tekstur og rik, n\u00f8tteaktig s\u00f8dme.<\/p>\n<p data-start=\"629\" data-end=\"646\"><strong data-start=\"629\" data-end=\"646\">N\u00f8kkelfunksjoner:<\/strong><\/p>\n<ul data-start=\"647\" data-end=\"887\">\n<li data-start=\"647\" data-end=\"705\">\n<p data-start=\"649\" data-end=\"705\"><strong>Premiumkvalitetstahini<\/strong> blandet med glatt sjokolade<\/p>\n<\/li>\n<li data-start=\"706\" data-end=\"781\">\n<p data-start=\"708\" data-end=\"781\"><strong>Allsidig<\/strong>: Perfekt for sm\u00f8ring, baking eller nytelse med skje<\/p>\n<\/li>\n<li data-start=\"782\" data-end=\"842\">\n<p data-start=\"784\" data-end=\"842\">Laget med rene sesamfr\u00f8 for en rik, kremet tekstur<\/p>\n<\/li>\n<li data-start=\"843\" data-end=\"887\">\n<p data-start=\"845\" data-end=\"887\"><strong>Ingen konserveringsmidler eller kunstige smakstilsetninger<\/strong><\/p>\n<\/li>\n<\/ul>\n<p data-start=\"889\" data-end=\"1042\">Ta med deg en smak av <strong>Tsiourkos<\/strong> arv fra 1841 inn i hjemmet ditt med denne dekadente godbiten som kombinerer de fineste ingrediensene for en virkelig unik opplevelse.<\/p>\n","protected":false},"excerpt":{"rendered":"<p>Unn deg den rike, kremete godheten til Tsiourko sjokoladetahini, en deilig blanding av ren tahini og sjokolade som gir en<\/p>\n","protected":false},"featured_media":29068,"comment_status":"open","ping_status":"closed","template":"","meta":[],"product_brand":[],"product_cat":[79],"product_tag":[],"class_list":{"0":"post-29033","1":"product","2":"type-product","3":"status-publish","4":"has-post-thumbnail","6":"product_cat-kjeks-eller-snacks","8":"first","9":"instock","10":"shipping-taxable","11":"purchasable","12":"product-type-simple"},"aioseo_notices":[],"_links":{"self":[{"href":"https:\/\/greekbloom.com\/index.php\/wp-json\/wp\/v2\/product\/29033","targetHints":{"allow":["GET"]}}],"collection":[{"href":"https:\/\/greekbloom.com\/index.php\/wp-json\/wp\/v2\/product"}],"about":[{"href":"https:\/\/greekbloom.com\/index.php\/wp-json\/wp\/v2\/types\/product"}],"replies":[{"embeddable":true,"href":"https:\/\/greekbloom.com\/index.php\/wp-json\/wp\/v2\/comments?post=29033"}],"version-history":[{"count":1,"href":"https:\/\/greekbloom.com\/index.php\/wp-json\/wp\/v2\/product\/29033\/revisions"}],"predecessor-version":[{"id":29069,"href":"https:\/\/greekbloom.com\/index.php\/wp-json\/wp\/v2\/product\/29033\/revisions\/29069"}],"wp:featuredmedia":[{"embeddable":true,"href":"https:\/\/greekbloom.com\/index.php\/wp-json\/wp\/v2\/media\/29068"}],"wp:attachment":[{"href":"https:\/\/greekbloom.com\/index.php\/wp-json\/wp\/v2\/media?parent=29033"}],"wp:term":[{"taxonomy":"product_brand","embeddable":true,"href":"https:\/\/greekbloom.com\/index.php\/wp-json\/wp\/v2\/product_brand?post=29033"},{"taxonomy":"product_cat","embeddable":true,"href":"https:\/\/greekbloom.com\/index.php\/wp-json\/wp\/v2\/product_cat?post=29033"},{"taxonomy":"product_tag","embeddable":true,"href":"https:\/\/greekbloom.com\/index.php\/wp-json\/wp\/v2\/product_tag?post=29033"}],"curies":[{"name":"wp","href":"https:\/\/api.w.org\/{rel}","templated":true}]}}